the remainder when s is divided by k?
10
Let d(f) = -f**2 + 15*f + 42. Let r be d(15). Let w = 81 - r. What is the remainder when w is divided by 10?
9
Let d = -58 - -95. What is the remainder when 332 is divided by d?
36
Suppose 0 = -4*b + u - 3*u + 8, -4*b + 2*u = -16. Suppose 5*n - 2*h - 25 = 145, n - 51 = -b*h. What is the remainder when 7 is divided by n/10 - (-2)/5?
3
Suppose 4*b + b - 15 = 0. Let r = 5722 + -5699. What is the remainder when r is divided by b/((-3)/(-2)) + 4?
5
Let z(m) = -76*m + 12. Suppose 3*a = -4*c + 7, -5*c + 4 = 5*a - 11. Calculate the remainder when z(c) is divided by 33.
32
Let w = 2 - -12. Let m be (-3 - -2) + -1 + 1. What is the remainder when 0/(1/m) - -38 is divided by w?
10
Suppose 0 = 6*x + 9*x + 960. Let j = -181 - -288. Let v = j + x. What is the remainder when v is divided by 9?
7
Let i = 622 + -617. Let h be (5/4)/((-4)/16). Let r = h - -9. Calculate the remainder when i is divided by r.
1
Let t(k) = k**2 - k - 4. Let x be ((-195)/(-25))/((-4)/(-300)). What is the remainder when t(-6) is divided by (x/(-6))/5*(-26)/39?
12
Calculate the remainder when 1/2*(4 + -7)*-122 is divided by 48.
39
Let h = 280 - 230. Calculate the remainder when h is divided by 11.
6
Let y = -4 + -1. Calculate the remainder when (-251)/y - 3/15 is divided by 17.
16
Let p = -59 + 63. What is the remainder when ((-6)/(-9))/((-3)/(-45)) is divided by p?
2
Let s = 256 + -206. Calculate the remainder when 349 is divided by s.
49
Let r(x) = -x**2 - 33*x - 201. Calculate the remainder when r(-10) is divided by 7.
1
Suppose -6*r - 2*x - 71 = -3*r, -27 = r + 4*x. Let v = r + 54. What is the remainder when v is divided by 16?
15
Let c = 447 + -237. Calculate the remainder when c is divided by 71.
68
Let h be (-7)/(-5) - (-2)/(-5). Let c(z) = 12*z**2 + 2*z - 1. Calculate the remainder when 7296/(-144)*3/(-4) is divided by c(h).
12
Let a(w) = w**2 + 20*w - 242. Calculate the remainder when 291 is divided by a(-31).
93
Let d = 555 - 423. Calculate the remainder when d is divided by 15.
12
What is the remainder when 266 is divided by (1 - -1)/(20*(-13)/(-9490))?
47
Suppose 14*g - 50 = 9*g. What is the remainder when 432/(-72) - 36/(-2) is divided by g?
2
Let k = -115 - -138. Suppose -25 = -f + 2*v + v, 2*f = -5*v + 6. Let x = f + -5. Calculate the remainder when k is divided by x.
7
What is the remainder when 56/6*(-126)/(-12) is divided by 28?
14
Suppose -c - 33 - 51 = 0. Let a = 95 + c. What is the remainder when a is divided by 5?
1
Let x(q) = 2*q**2 + 23*q + 80. What is the remainder when x(-15) is divided by 64?
57
Let v = -1084 + 1277. What is the remainder when v is divided by 31?
7
Let w(y) = 5*y**3 + 2*y**2 - y. Let q be w(1). Suppose q*u - 2*u = 56. Calculate the remainder when 25 is divided by u.
11
Suppose -4*h + 30 = -50. Let p = 637 + -479. What is the remainder when p is divided by h?
18
Let p(f) = 2*f**2 - 7*f + 18. Calculate the remainder when p(4) is divided by 16.
6
Suppose -202 = -2*o - 14. Suppose 8*d - 223 = -31. Calculate the remainder when o is divided by d.
22
Suppose m - 26 + 18 = 0. Suppose -m*t - 127 = -9*t. Calculate the remainder when t is divided by 26.
23
Let x = -613 - -728. What is the remainder when x is divided by 68?
47
Let d be (3 + 3)/(-2) - -84. Suppose 0 = 3*u - 213 + d. Calculate the remainder when u is divided by 24.
20
Suppose 4742 = 3*a - 2*w - 3776, -5*a - 3*w + 14165 = 0. What is the remainder when a is divided by 129?
127
Suppose 4*k - 455 + 31 = 2*l, 3*k = 4*l + 308. Let d = 0 - -11. What is the remainder when k is divided by d?
9
Let d be (3 + (-4)/3)*3. What is the remainder when 75 is divided by 131/d + 2/(-10)?
23
Let d(f) = -f**3 - f**2 + 5*f - 1. What is the remainder when d(-5) is divided by (-5 - 0/1) + 25 + -1?
17
Suppose -3*z + 6 = 0, -4*v - 9*z + 3768 = -11*z. What is the remainder when v is divided by 35?
33
Let f = -82 - -133. Calculate the remainder when f is divided by 17.
0
Let g(n) = n**3 + 18*n**2 + 18*n + 14. Let a be g(-17). Suppose 0 = 7*z - 2*z - 15. What is the remainder when 7 + (38/12 - a/(-18)) is divided by z?
1
Let w(o) = 4*o - 14. Let h be w(-10). Let g = 85 + h. Let n(a) = -10*a + 1. What is the remainder when n(-6) is divided by g?
30
Suppose -42 = -6*m + 42. Suppose f - 9 = m. What is the remainder when 44 is divided by f?
21
Suppose -6*v + i = -11*v + 143, 3*v = 4*i + 72. Calculate the remainder when 76 is divided by v.
20
Let c be 8/10 - (-284)/(-5). Let b = 13 - 109. Let j = c - b. Calculate the remainder when j is divided by 21.
19
Let g(y) be the second derivative of y**4/12 + y**3/2 - y**2/2 - 12*y. Let z = 3 - -7. Calculate the remainder when g(-7) is divided by z.
7
What is the remainder when 87 is divided by ((-19)/(-38))/(1/68)?
19
Let i be 2 - 16/6*6. Let b(o) = o**3 + 16*o**2 + 29*o + 19. Calculate the remainder when b(i) is divided by 4.
1
Calculate the remainder when ((-1386)/4)/(40/(-80)) is divided by 58.
55
Let w(l) = -l**2 + 14*l - 15. Suppose 2*j + 5*s = 75, -s = -2*j - 5*s + 70. What is the remainder when j is divided by w(12)?
7
Let q(t) = -5*t - 89. Calculate the remainder when 184 is divided by q(-24).
29
Let a(p) = 11 - 4*p**3 + 2*p**3 + 8*p**2 + 8*p**3 - 7*p**3. Let z(j) = 3*j + 2. What is the remainder when a(6) is divided by z(4)?
13
Let a = -49 - -39. What is the remainder when ((-4)/a)/((-2)/(-260)) is divided by 9?
7
Let l(v) = 2*v**2 - 94*v + 109. Calculate the remainder when l(51) is divided by 37.
36
Let w(j) = j**2 + j - 1. Let u(b) = 2*b**3 + 3*b**2 + b. Let x(h) = -u(h) + w(h). Suppose 8 - 16 = 4*v. What is the remainder when 25 is divided by x(v)?
4
Let r = 37 + -34. Let t be (-5)/60*r*0. Let g(p) = p**3 + 2*p**2 - p + 48. Calculate the remainder when g(t) is divided by 10.
8
Let p be (-9)/5 - (-6)/(-30). Let s be (-3)/(-3) - (-128)/p. Let v = s - -92. What is the remainder when v is divided by 10?
9
Let w be (-12)/(-8)*(-142)/(-3). Let t(i) = 4*i**2 + 3*i + 3. Let c be t(-1). Suppose -c*p = -w + 19. Calculate the remainder when 36 is divided by p.
10
Let v(r) = -20*r + 9. Suppose 0 = z + w + 5, -6 = 4*z - 3*w + 14. Calculate the remainder when v(z) is divided by 8.
5
Suppose 5*r = b - 26, -b + 2*r + 2*r = -25. Calculate the remainder when 102 is divided by b.
18
Let j(p) = -6*p**2 - p + 1. Let i be j(1). Let l be -3 - (i - 0/(-4)). Suppose -l*z - 57 = -255. What is the remainder when z is divided by 23?
20
Let m(g) = -g**2 - 7*g - 10. Let y be m(-3). What is the remainder when 88 is divided by ((-30)/(-9))/((y/(-18))/(-1))?
28
Let i be 1 - 2 - (0 - 0). Let p be ((-4)/(56/(-21)))/(6/8). Let g = p - i. What is the remainder when 8 is divided by g?
2
Let x(a) = -4*a**3 + 2*a**2 + 2*a + 1. Let g be x(-1). Let d(n) = n + 7. Suppose 150 = -2*t + 194. What is the remainder when t is divided by d(g)?
10
What is the remainder when (-913)/(-44) - (-1 + (-9)/(-12)) is divided by 6?
3
Let v(z) be the second derivative of -z**4/12 + 2*z**3 - 7*z**2/2 - 18*z. Let m be -6*(-3)/2 - -1. Calculate the remainder when v(m) is divided by 4.
1
Let q = 10 - -12. Let j(x) = x + 7. Let z be j(21). Let p = 36 - z. Calculate the remainder when q is divided by p.
6
Suppose 78 = -321*j + 327*j. Calculate the remainder when 38 is divided by j.
12
Let a(f) = -3*f - 57. Let x(b) = b - 5. Calculate the remainder when x(12) is divided by a(-20).
1
Suppose -j + 4*j - 1050 = 0. What is the remainder when j is divided by 9?
8
Suppose 4*f - 147 = -5*d, -3*d = -5*f - 66 - 37. Let a = 1715 - 1698. Calculate the remainder when d is divided by a.
14
Let f(h) = 4*h**2 + 8*h - 2. Suppose 33*z = 52*z - 931. Calculate the remainder when f(-6) is divided by z.
45
Suppose 10*d - f = 5*d + 10, 0 = d - 4*f + 17. Suppose d*q = 1 + 41. Let i(u) = 11*u**2 + u - 1. What is the remainder when i(-2) is divided by q?
13
Suppose -y + 2*o + 10 = 4*o, -2*o + 18 = 5*y. Let t(w) = 17*w. Let x be t(1). Let a = 21 - x. Calculate the remainder when a is divided by y.
0
What is the remainder when 78 is divided by 0 - (1896/(-45) - 4/(-30))?
36
Suppose -106 - 2028 = -11*n. What is the remainder when n is divided by 17?
7
Suppose 2*m - 284 = -54. Calculate the remainder when m is divided by 24.
19
Let b(k) = -3*k**2 + 29*k + 45. What is the remainder when 243 is divided by b(10)?
33
Let i